tens digit of b?
4
What is the units digit of 128/24*9/2?
4
Suppose -f + 0*f = -3. Suppose 0 = f*k + 4 - 88. Suppose -12 - k = -2*a. What is the units digit of a?
0
Let v(u) = u**3 + u**2 - u + 9. Let g(m) = -m**2 - 8*m + 5. Let j be g(-9). Let b be 2/j*0/1. What is the units digit of v(b)?
9
Let q(g) = g**2 - 14*g + 12. Let o be q(13). What is the units digit of o + -2 + (1 - -11)?
9
Let q = 5 + -5. Suppose q = -0*m - m + 8. What is the units digit of m?
8
Let a(l) be the second derivative of -l**5/20 + 7*l**4/12 + 3*l**3/2 - l. Let b be a(8). What is the units digit of (-18)/b*(-8)/3?
6
Let o(y) = -y**2 + y. Let u be o(3). Let m = u - -8. What is the tens digit of (-34)/(-2) - (m + 0)?
1
Suppose 5*z - 29 = -3*s, 3*s + s + 3*z - 24 = 0. What is the units digit of s?
3
Suppose 19 = 3*k - 2. What is the tens digit of 204/k + (-2)/14?
2
Let b = -10 + 10. What is the tens digit of 16 + (b + 1)*-3?
1
Let l = -43 + 26. Let h = l + 36. Let i = h - 11. What is the units digit of i?
8
Let m(f) = f**2 - 3 + 9 - 7*f**2 - f**3. What is the units digit of m(-6)?
6
Let l = 68 + 24. What is the units digit of l?
2
What is the units digit of 6/(-3)*1 - -42?
0
Suppose 0 = 3*h - k, 0 = 2*h + k - 3*k. Let c = 3 - 2. What is the units digit of h + (-16)/(-2) - c?
7
Let z(h) = -3*h + 1. What is the units digit of z(-5)?
6
Suppose -y + 61 = -0*y. What is the units digit of y?
1
Suppose 5*x - x = -4*a + 92, -4 = -2*x. What is the units digit of a?
1
Let w(c) = 57*c**2 - c - 1. What is the tens digit of w(-1)?
5
Suppose -112*a + 113*a = 144. What is the units digit of a?
4
Suppose 2*w = 4*w - 4. Suppose 2*y = -w + 6. Suppose -y*a + a = -12. What is the units digit of a?
2
Suppose u = -12 - 2. Let a = -4 - u. What is the units digit of a?
0
Let n = 2 - -5. Let w = n + -3. Suppose -40 = -5*x - w*s, 4*s - 12 - 8 = 0. What is the units digit of x?
4
Let i(b) = b**3 - 9*b**2 + 12*b. What is the tens digit of i(8)?
3
Let b(v) = v - 5. Let z be b(7). Let c(n) = -n + 4. Let d be c(z). Suppose -2*i + 10 - d = 0. What is the units digit of i?
4
Let w(t) = t + 58. What is the units digit of w(0)?
8
Let z be 7/(-7)*0/(-1). Suppose -25 = -5*r - z*r. What is the units digit of r?
5
Suppose 0 = g + 1, 0*g + 5*g + 7 = z. Suppose -z*y - n = -11, -y + 6*y + n = 23. Suppose -f + 15 = y*f. What is the units digit of f?
3
Let k(w) = 4*w + 7. What is the tens digit of k(8)?
3
Let f(g) = g**2 + 8. Let r(t) = t**3 - t**2 - 2*t + 3. Let c be r(2). Let v = -3 + c. What is the units digit of f(v)?
8
Let x be 2/((-6)/((-9)/3)). Suppose -h - s = 2*s + x, s + 5 = 2*h. Let a(z) = z. What is the units digit of a(h)?
2
Suppose -3*n - 3*y + 6 + 51 = 0, 3*y + 33 = 2*n. What is the units digit of n?
8
Let i(z) = -2*z + 1. Let c be i(-1). Suppose -c*y - 6*b = -b - 17, 0 = 4*y + b - 34. What is the units digit of y?
9
Let j = 4 + -8. Let i(b) = b**3 + 4*b**2 - 3*b. What is the tens digit of i(j)?
1
Let w = -32 + 55. What is the units digit of w?
3
Let i be -1 + -1 - (-1 - -1). Let b(v) be the third derivative of v**6/120 + v**5/30 - v**4/24 + v**2. What is the units digit of b(i)?
2
What is the units digit of ((-518)/(-6) - 1) + (-11)/33?
5
Suppose -24 = 2*m - 60. What is the units digit of m?
8
Suppose -5*x + 8 = -2. Let t = x - -6. What is the units digit of t?
8
Suppose -2*r = 2*r - 8. Let t(m) = -m + 2*m**2 + 1 + 4*m**3 - m**r - 3*m**3. What is the units digit of t(0)?
1
Suppose 11*f - 1781 = -175. What is the units digit of f?
6
Suppose 5*t = 3*t + 5*m + 47, 3*t = m + 51. What is the tens digit of t?
1
Let j be -4 - (-155 + -4 + -2). Suppose 6*k - j = 137. What is the tens digit of k?
4
Let l(a) = 26*a**2 - 1. Let z be l(1). Let u be (0 + 0)/3 - 0. Suppose z = -u*o + 5*o. What is the units digit of o?
5
Suppose 0 = -p - 4*d + 19 + 22, 3*p + 2*d - 123 = 0. What is the tens digit of p?
4
Let i(f) = f**2 - 7. What is the units digit of i(4)?
9
Let p(f) = -2*f + 13*f - 89*f**3 - 10*f**2 + 8 + 90*f**3. What is the tens digit of p(9)?
2
Let w(a) = -3*a**3 - 3*a - 2 - 3*a + 3*a - 4*a**2. Let l be w(-2). What is the units digit of l + 1/((-2)/6)?
9
What is the units digit of 6/(-45) + 5/150*4444?
8
Suppose 0 = 2*w - 4 + 2. Suppose o + f + 10 = 0, 4 + w = -5*f. Let c = -4 - o. What is the units digit of c?
5
Suppose 7*f = 9*f + 8. What is the units digit of 1/(-2) - 38/f?
9
Let h(p) = p + 7. Let u(f) = 2*f + 13. Let i(r) = 13*h(r) - 6*u(r). What is the units digit of i(-6)?
7
Let m(s) be the first derivative of s**2/2 + 26*s - 2. What is the tens digit of m(0)?
2
Let o(q) = q**2 + 8*q + 4. What is the units digit of o(-10)?
4
Let o be (5/3 + -4)*3. Let p = o + 13. What is the units digit of p?
6
Suppose -j + 5*c + 197 = 0, -3*j - 2*c + 854 = j. What is the hundreds digit of j?
2
Let g be (-2)/(7/9 + -1). Let c = g - 3. What is the units digit of c?
6
Let d be 4 - (2 - 0) - -9. Let x be (-1 - 0) + 2 - 3. What is the units digit of d/2 + (-1)/x?
6
Let f = 0 + -2. Let d(x) = x**2 - 1. Let l be d(f). Suppose u + l = 6. What is the units digit of u?
3
Suppose -190 - 175 = -5*y. What is the units digit of y?
3
Suppose k + 13 = 4*y, y + 3*k + 2 = -2*k. Let b(p) = -y*p + 2 + 3 + 0*p. What is the units digit of b(-4)?
7
Suppose -4*g + 2*l + 90 = 0, -3*g + 35 = -2*l - 32. Let i = -13 + g. What is the units digit of (5/i)/(1/8)?
4
Let r(c) = -c**3 - 10*c**2 - 11*c - 13. Let t be r(-9). Suppose -d - 2*s = 5, d + 11 = -t*s - 0*s. Let u(n) = 17*n**2 - 1. What is the tens digit of u(d)?
1
Suppose -14*c + 10*c + 24 = 0. What is the units digit of c?
6
Suppose -3*b + 28 = -11. Let r(h) = h**2 + 3*h + 3. Let y be r(-3). Suppose -y*q - 4 + b = 0. What is the units digit of q?
3
Let o = -81 - -126. What is the units digit of o?
5
Suppose 5*m - 33 = -8. Suppose l - m = -1. Suppose 2*u = f + 10 + 9, -2*u = -l*f - 28. What is the units digit of u?
8
Let r(x) = x**2 - 10*x + 2. What is the tens digit of r(13)?
4
What is the units digit of (-699)/(-12) - (-2)/(-8)?
8
Let l = -4 - -9. Suppose -o = 2 - l. Suppose -22 = f - o*f. What is the tens digit of f?
1
Suppose -p + 5*a + 14 = 0, 0 = -p + 3*a + 10. Suppose 5*d = -0*z - z - 2, -p*z + 84 = -3*d. What is the units digit of z?
8
Suppose b - 3 = -8. What is the units digit of (-122)/(-5) + 2/b?
4
Suppose 5*o - 2*o = 5*z + 72, -5*z + 73 = 2*o. Let r = o - 14. What is the units digit of (-8)/(-10)*r/6?
2
Let x = 2 + 0. Suppose 0 = 6*r - x*r - 76. What is the units digit of r?
9
Suppose 4*y - 8 = 12. Suppose y*u = -0*u + 60. What is the units digit of u?
2
Let m(x) = 9*x - 5. What is the units digit of m(7)?
8
Let z(s) = -6*s**3 + s**2 - s - 2. Let j = -16 - -15. What is the units digit of z(j)?
6
Suppose 0 = 3*z - 21 + 51. Let v be ((-10)/(-3))/(z/(-15)). Suppose 6*h - 27 = 3*h + 2*x, v*h - x = 38. What is the units digit of h?
7
Let n = 123 + -87. What is the units digit of n?
6
Let s = -186 + 420. What is the hundreds digit of s?
2
Suppose 5*d + 2*n = 106, -d - 2*n + 27 = 1. Suppose -4 = 4*o - d. Suppose -2*t - 4*s = -20, o*t + 2*s - 30 = t. What is the tens digit of t?
1
Suppose 2 = -5*n + 6*n. Let g(v) = v**2 - 2*v + 1. Let j be g(n). Let m = j - 0. What is the units digit of m?
1
Let r = 4 - 3. Let g = r - 0. What is the units digit of 8/12 + g/3?
1
Suppose 2*c - 6 = -0*c. Suppose c*i - 84 + 24 = 0. What is the units digit of i?
0
Suppose -2*z + 0 = 5*j + 10, 3*j + 20 = -4*z. Suppose 5*k + 45 - 165 = j. What is the units digit of k?
4
Suppose -4*x + 1303 = -241. What is the units digit of x?
6
Suppose 0 = 207*h - 204*h - 909. What is the units digit of h?
3
Let x(o) = -o**3 - 2*o**2 + 2*o - 1. Let u be x(-3). What is the units digit of ((-4)/10)/(u/(-20))?
4
Suppose 5*h = -5*d - 0*h + 185, 4*h + 42 = d. What is the units digit of d?
8
Let w(y) be the second derivative of -11*y**5/120 + y**3/3 - 3*y. Let l(k) be the second derivative of w(k). What is the units digit of l(-1)?
1
Let q(x) be the second derivative of 1/12*x**4 - 7/2*x**2 + 5/6*x**3 + 0 - 2*x. What is the units digit of q(-7)?
7
Let m be (8/(-3))/((-4)/6). Suppose -9 = -f - j, -4*f - f + m*j + 45 = 0. What is the units digit of f?
9
Let m(a) = a**3 - 6*a**2 - 2*a + 7. Let d be m(7). Suppose -5*i = -2*i - d. What is the tens digit of i?
1
Let c be (-3 - -7)/12*-3. What is the tens digit of (4*c)/(3/(-15))?
2
Let x(